{"id":119,"date":"2026-04-26T19:32:05","date_gmt":"2026-04-26T19:32:05","guid":{"rendered":"http:\/\/cnrbioenerji.com\/?page_id=119"},"modified":"2026-04-27T07:15:17","modified_gmt":"2026-04-27T07:15:17","slug":"bilincalti-kodlama","status":"publish","type":"page","link":"https:\/\/cnrbioenerji.com\/index.php\/bilincalti-kodlama\/","title":{"rendered":"Bilin\u00e7alt\u0131 Kodlama"},"content":{"rendered":"\n<h4 class=\"wp-block-heading\">Bilin\u00e7alt\u0131 programlama;\u00a0<mark>olumlamalar, g\u00f6rselle\u015ftirme, meditasyon ve NLP (Sinir Dili Programlama) teknikleri kullan\u0131larak inan\u00e7 sistemlerini, al\u0131\u015fkanl\u0131klar\u0131 ve davran\u0131\u015flar\u0131 olumlu y\u00f6nde yeniden yap\u0131land\u0131rma s\u00fcrecidir<\/mark>. Uyku \u00f6ncesi gibi gev\u015feme anlar\u0131nda hedeflere odaklanarak, uyumlu mesajlarla zihni istenen sonuca ikna etmeyi ama\u00e7lar.<\/h4>\n","protected":false},"excerpt":{"rendered":"<p>Bilin\u00e7alt\u0131 programlama;\u00a0olumlamalar, g\u00f6rselle\u015ftirme, meditasyon ve NLP (Sinir Dili Programlama) teknikleri kullan\u0131larak inan\u00e7 sistemlerini, al\u0131\u015fkanl\u0131klar\u0131 ve davran\u0131\u015flar\u0131 olumlu y\u00f6nde yeniden yap\u0131land\u0131rma s\u00fcrecidir. Uyku \u00f6ncesi gibi gev\u015feme anlar\u0131nda hedeflere odaklanarak, uyumlu mesajlarla zihni istenen sonuca ikna etmeyi ama\u00e7lar.<\/p>\n","protected":false},"author":1,"featured_media":0,"parent":0,"menu_order":0,"comment_status":"closed","ping_status":"closed","template":"","meta":{"saved_in_kubio":false,"footnotes":""},"class_list":["post-119","page","type-page","status-publish","hentry"],"kubio_ai_page_context":{"short_desc":"","purpose":"general"},"_links":{"self":[{"href":"https:\/\/cnrbioenerji.com\/index.php\/wp-json\/wp\/v2\/pages\/119","targetHints":{"allow":["GET"]}}],"collection":[{"href":"https:\/\/cnrbioenerji.com\/index.php\/wp-json\/wp\/v2\/pages"}],"about":[{"href":"https:\/\/cnrbioenerji.com\/index.php\/wp-json\/wp\/v2\/types\/page"}],"author":[{"embeddable":true,"href":"https:\/\/cnrbioenerji.com\/index.php\/wp-json\/wp\/v2\/users\/1"}],"replies":[{"embeddable":true,"href":"https:\/\/cnrbioenerji.com\/index.php\/wp-json\/wp\/v2\/comments?post=119"}],"version-history":[{"count":2,"href":"https:\/\/cnrbioenerji.com\/index.php\/wp-json\/wp\/v2\/pages\/119\/revisions"}],"predecessor-version":[{"id":138,"href":"https:\/\/cnrbioenerji.com\/index.php\/wp-json\/wp\/v2\/pages\/119\/revisions\/138"}],"wp:attachment":[{"href":"https:\/\/cnrbioenerji.com\/index.php\/wp-json\/wp\/v2\/media?parent=119"}],"curies":[{"name":"wp","href":"https:\/\/api.w.org\/{rel}","templated":true}]}}