{"id":110,"date":"2026-04-26T19:29:02","date_gmt":"2026-04-26T19:29:02","guid":{"rendered":"http:\/\/cnrbioenerji.com\/?page_id=110"},"modified":"2026-04-27T07:16:01","modified_gmt":"2026-04-27T07:16:01","slug":"bio-enerji-faydalari","status":"publish","type":"page","link":"https:\/\/cnrbioenerji.com\/index.php\/bio-enerji-faydalari\/","title":{"rendered":"Bio Enerji Faydalar\u0131"},"content":{"rendered":"\n<p>Bioenerji, v\u00fccudun enerji dengesini d\u00fczenleyerek ba\u011f\u0131\u015f\u0131kl\u0131k sistemini g\u00fc\u00e7lendiren, negatif enerjiden ar\u0131nd\u0131ran ve h\u00fccre yenilenmesini destekleyen b\u00fct\u00fcnc\u00fcl bir tamamlay\u0131c\u0131 terapi y\u00f6ntemidir. Kronik yorgunluk, a\u011fr\u0131 y\u00f6netimi, stres ve \u00e7e\u015fitli fiziksel\/ruhsal rahats\u0131zl\u0131klar\u0131n iyile\u015fme s\u00fcrecine destek olmak amac\u0131yla kullan\u0131l\u0131r.<\/p>\n","protected":false},"excerpt":{"rendered":"<p>Bioenerji, v\u00fccudun enerji dengesini d\u00fczenleyerek ba\u011f\u0131\u015f\u0131kl\u0131k sistemini g\u00fc\u00e7lendiren, negatif enerjiden ar\u0131nd\u0131ran ve h\u00fccre yenilenmesini destekleyen b\u00fct\u00fcnc\u00fcl bir tamamlay\u0131c\u0131 terapi y\u00f6ntemidir. Kronik yorgunluk, a\u011fr\u0131 y\u00f6netimi, stres ve \u00e7e\u015fitli fiziksel\/ruhsal rahats\u0131zl\u0131klar\u0131n iyile\u015fme s\u00fcrecine destek olmak amac\u0131yla kullan\u0131l\u0131r.<\/p>\n","protected":false},"author":1,"featured_media":0,"parent":0,"menu_order":0,"comment_status":"closed","ping_status":"closed","template":"","meta":{"saved_in_kubio":false,"footnotes":""},"class_list":["post-110","page","type-page","status-publish","hentry"],"kubio_ai_page_context":{"short_desc":"","purpose":"general"},"_links":{"self":[{"href":"https:\/\/cnrbioenerji.com\/index.php\/wp-json\/wp\/v2\/pages\/110","targetHints":{"allow":["GET"]}}],"collection":[{"href":"https:\/\/cnrbioenerji.com\/index.php\/wp-json\/wp\/v2\/pages"}],"about":[{"href":"https:\/\/cnrbioenerji.com\/index.php\/wp-json\/wp\/v2\/types\/page"}],"author":[{"embeddable":true,"href":"https:\/\/cnrbioenerji.com\/index.php\/wp-json\/wp\/v2\/users\/1"}],"replies":[{"embeddable":true,"href":"https:\/\/cnrbioenerji.com\/index.php\/wp-json\/wp\/v2\/comments?post=110"}],"version-history":[{"count":2,"href":"https:\/\/cnrbioenerji.com\/index.php\/wp-json\/wp\/v2\/pages\/110\/revisions"}],"predecessor-version":[{"id":139,"href":"https:\/\/cnrbioenerji.com\/index.php\/wp-json\/wp\/v2\/pages\/110\/revisions\/139"}],"wp:attachment":[{"href":"https:\/\/cnrbioenerji.com\/index.php\/wp-json\/wp\/v2\/media?parent=110"}],"curies":[{"name":"wp","href":"https:\/\/api.w.org\/{rel}","templated":true}]}}