{"id":108,"date":"2026-04-26T19:29:02","date_gmt":"2026-04-26T19:29:02","guid":{"rendered":"http:\/\/cnrbioenerji.com\/?page_id=108"},"modified":"2026-04-27T07:16:57","modified_gmt":"2026-04-27T07:16:57","slug":"bio-enerji-nedir","status":"publish","type":"page","link":"https:\/\/cnrbioenerji.com\/index.php\/bio-enerji-nedir\/","title":{"rendered":"Bio Enerji Nedir?"},"content":{"rendered":"\n<h4 class=\"wp-block-heading\">Bioenerji,\u00a0<mark>insan bedenindeki enerji ak\u0131\u015f\u0131n\u0131 dengeleyerek fiziksel ve ruhsal \u015fifalanmay\u0131 ama\u00e7layan, tamamlay\u0131c\u0131 bir enerji aktar\u0131m y\u00f6ntemidir. Ba\u011f\u0131\u015f\u0131kl\u0131\u011f\u0131 g\u00fc\u00e7lendirir, a\u011fr\u0131lar\u0131 azalt\u0131r, stres ve kronik yorgunlu\u011fu gidermeye yard\u0131mc\u0131 olur<\/mark>. Do\u011fal, ila\u00e7s\u0131z ve seanslar halinde uygulanan bu y\u00f6ntem, t\u0131bbi tedaviyi destekleyici bir b\u00fct\u00fcnc\u00fcl yakla\u015f\u0131m olarak bilinir.\u00a0<\/h4>\n\n\n\n<p><\/p>\n","protected":false},"excerpt":{"rendered":"<p>Bioenerji,\u00a0insan bedenindeki enerji ak\u0131\u015f\u0131n\u0131 dengeleyerek fiziksel ve ruhsal \u015fifalanmay\u0131 ama\u00e7layan, tamamlay\u0131c\u0131 bir enerji aktar\u0131m y\u00f6ntemidir. Ba\u011f\u0131\u015f\u0131kl\u0131\u011f\u0131 g\u00fc\u00e7lendirir, a\u011fr\u0131lar\u0131 azalt\u0131r, stres ve kronik yorgunlu\u011fu gidermeye yard\u0131mc\u0131 olur. Do\u011fal, ila\u00e7s\u0131z ve seanslar halinde uygulanan bu y\u00f6ntem, t\u0131bbi tedaviyi destekleyici bir b\u00fct\u00fcnc\u00fcl yakla\u015f\u0131m olarak bilinir.\u00a0<\/p>\n","protected":false},"author":1,"featured_media":0,"parent":0,"menu_order":0,"comment_status":"closed","ping_status":"closed","template":"","meta":{"saved_in_kubio":false,"footnotes":""},"class_list":["post-108","page","type-page","status-publish","hentry"],"kubio_ai_page_context":{"short_desc":"","purpose":"general"},"_links":{"self":[{"href":"https:\/\/cnrbioenerji.com\/index.php\/wp-json\/wp\/v2\/pages\/108","targetHints":{"allow":["GET"]}}],"collection":[{"href":"https:\/\/cnrbioenerji.com\/index.php\/wp-json\/wp\/v2\/pages"}],"about":[{"href":"https:\/\/cnrbioenerji.com\/index.php\/wp-json\/wp\/v2\/types\/page"}],"author":[{"embeddable":true,"href":"https:\/\/cnrbioenerji.com\/index.php\/wp-json\/wp\/v2\/users\/1"}],"replies":[{"embeddable":true,"href":"https:\/\/cnrbioenerji.com\/index.php\/wp-json\/wp\/v2\/comments?post=108"}],"version-history":[{"count":2,"href":"https:\/\/cnrbioenerji.com\/index.php\/wp-json\/wp\/v2\/pages\/108\/revisions"}],"predecessor-version":[{"id":140,"href":"https:\/\/cnrbioenerji.com\/index.php\/wp-json\/wp\/v2\/pages\/108\/revisions\/140"}],"wp:attachment":[{"href":"https:\/\/cnrbioenerji.com\/index.php\/wp-json\/wp\/v2\/media?parent=108"}],"curies":[{"name":"wp","href":"https:\/\/api.w.org\/{rel}","templated":true}]}}